{"id":86,"date":"2024-01-09T18:22:01","date_gmt":"2024-01-09T21:22:01","guid":{"rendered":"https:\/\/curo.pt\/?page_id=86"},"modified":"2026-03-29T17:35:16","modified_gmt":"2026-03-29T16:35:16","slug":"sobre-curo-historia-missao","status":"publish","type":"page","link":"https:\/\/curo.pt\/en\/sobre-curo-historia-missao\/","title":{"rendered":"About"},"content":{"rendered":"<div data-elementor-type=\"wp-page\" data-elementor-id=\"86\" class=\"elementor elementor-86\" data-elementor-post-type=\"page\">\n\t\t\t\t<div class=\"elementor-element elementor-element-1d78384 e-flex e-con-boxed e-con e-parent\" data-id=\"1d78384\" data-element_type=\"container\" data-e-type=\"container\" data-settings=\"{&quot;background_background&quot;:&quot;classic&quot;}\">\n\t\t\t\t\t<div class=\"e-con-inner\">\n\t\t<div class=\"elementor-element elementor-element-6527e13 e-flex e-con-boxed e-con e-child\" data-id=\"6527e13\" data-element_type=\"container\" data-e-type=\"container\">\n\t\t\t\t\t<div class=\"e-con-inner\">\n\t\t\t\t<div class=\"elementor-element elementor-element-aaa6367 elementor-widget elementor-widget-heading\" data-id=\"aaa6367\" data-element_type=\"widget\" data-e-type=\"widget\" data-widget_type=\"heading.default\">\n\t\t\t\t<div class=\"elementor-widget-container\">\n\t\t\t\t\t<h1 class=\"elementor-heading-title elementor-size-default\">Get to know CURO,<br>our history and mission<\/h1>\t\t\t\t<\/div>\n\t\t\t\t<\/div>\n\t\t\t\t\t<\/div>\n\t\t\t\t<\/div>\n\t\t\t\t\t<\/div>\n\t\t\t\t<\/div>\n\t\t<div class=\"elementor-element elementor-element-53da069 e-flex e-con-boxed e-con e-parent\" data-id=\"53da069\" data-element_type=\"container\" data-e-type=\"container\" data-settings=\"{&quot;background_background&quot;:&quot;classic&quot;}\">\n\t\t\t\t\t<div class=\"e-con-inner\">\n\t\t\t\t<div class=\"elementor-element elementor-element-c208792 elementor-widget elementor-widget-text-editor\" data-id=\"c208792\" data-element_type=\"widget\" data-e-type=\"widget\" data-widget_type=\"text-editor.default\">\n\t\t\t\t<div class=\"elementor-widget-container\">\n\t\t\t\t\t\t\t\t\t<p class=\"translation-block\">In a world of lines, geometries and shapes, <b>CURO<\/b> it's a creative refuge. Here we delve into the personal stories of those who dream of having their project, transforming spaces, not just into built volumes, but into places that echo your individuality.<\/p><p>Behind each design stage, there is always someone to guide and help you throughout the process.<br \/>I invite you to get to know me and connect with my story.<\/p>\t\t\t\t\t\t\t\t<\/div>\n\t\t\t\t<\/div>\n\t\t<div class=\"elementor-element elementor-element-3870c78 e-grid e-con-boxed e-con e-child\" data-id=\"3870c78\" data-element_type=\"container\" data-e-type=\"container\">\n\t\t\t\t\t<div class=\"e-con-inner\">\n\t\t<div class=\"elementor-element elementor-element-7927e67 e-flex e-con-boxed e-con e-child\" data-id=\"7927e67\" data-element_type=\"container\" data-e-type=\"container\">\n\t\t\t\t\t<div class=\"e-con-inner\">\n\t\t\t\t<div class=\"elementor-element elementor-element-99594f5 elementor-widget elementor-widget-heading\" data-id=\"99594f5\" data-element_type=\"widget\" data-e-type=\"widget\" data-widget_type=\"heading.default\">\n\t\t\t\t<div class=\"elementor-widget-container\">\n\t\t\t\t\t<span class=\"elementor-heading-title elementor-size-default\">The CURO that lives in Ana<\/span>\t\t\t\t<\/div>\n\t\t\t\t<\/div>\n\t\t\t\t<div class=\"elementor-element elementor-element-17b1f47 elementor-widget elementor-widget-text-editor\" data-id=\"17b1f47\" data-element_type=\"widget\" data-e-type=\"widget\" data-widget_type=\"text-editor.default\">\n\t\t\t\t<div class=\"elementor-widget-container\">\n\t\t\t\t\t\t\t\t\t<p class=\"translation-block\">At <b>CURO<\/b>, it is assumed that <b>Architecture is not a luxury, it is a right. CURO<\/b> has its space, its way of being, social care and its impulse to <b>give something to the community.<\/b><\/p>\n<p class=\"translation-block\">At <b>CURO<\/b> there is sharing, expansion of your story and drawing new paths every morning.<\/p>\n<p class=\"translation-block\">Founded in 2021, the studio was the escape valve to materialize projects that were hidden in drawers. The core of <b>CURO<\/b> is to rethink the act of dwelling, <b>making houses, objects and projects a possible idea. <\/b><\/p>\n<p class=\"translation-block\">Serious, colourless and soulless architecture <b>finds a healing space here.<\/b><\/p>\t\t\t\t\t\t\t\t<\/div>\n\t\t\t\t<\/div>\n\t\t\t\t\t<\/div>\n\t\t\t\t<\/div>\n\t\t<div class=\"elementor-element elementor-element-b6c8c67 e-flex e-con-boxed e-con e-child\" data-id=\"b6c8c67\" data-element_type=\"container\" data-e-type=\"container\">\n\t\t\t\t\t<div class=\"e-con-inner\">\n\t\t\t\t<div class=\"elementor-element elementor-element-d6e1ca9 elementor-widget elementor-widget-image\" data-id=\"d6e1ca9\" data-element_type=\"widget\" data-e-type=\"widget\" data-widget_type=\"image.default\">\n\t\t\t\t<div class=\"elementor-widget-container\">\n\t\t\t\t\t\t\t\t\t\t\t\t\t\t\t<img fetchpriority=\"high\" decoding=\"async\" width=\"683\" height=\"1024\" src=\"https:\/\/curo.pt\/wp-content\/uploads\/2024\/12\/editadas-32-683x1024.jpg\" class=\"attachment-large size-large wp-image-1216\" alt=\"CURO Atelier\" srcset=\"https:\/\/curo.pt\/wp-content\/uploads\/2024\/12\/editadas-32-683x1024.jpg 683w, https:\/\/curo.pt\/wp-content\/uploads\/2024\/12\/editadas-32-200x300.jpg 200w, https:\/\/curo.pt\/wp-content\/uploads\/2024\/12\/editadas-32-768x1152.jpg 768w, https:\/\/curo.pt\/wp-content\/uploads\/2024\/12\/editadas-32-8x12.jpg 8w, https:\/\/curo.pt\/wp-content\/uploads\/2024\/12\/editadas-32.jpg 1000w\" sizes=\"(max-width: 683px) 100vw, 683px\" \/>\t\t\t\t\t\t\t\t\t\t\t\t\t\t\t<\/div>\n\t\t\t\t<\/div>\n\t\t\t\t\t<\/div>\n\t\t\t\t<\/div>\n\t\t<div class=\"elementor-element elementor-element-02ba6c4 e-flex e-con-boxed e-con e-child\" data-id=\"02ba6c4\" data-element_type=\"container\" data-e-type=\"container\">\n\t\t\t\t\t<div class=\"e-con-inner\">\n\t\t\t\t<div class=\"elementor-element elementor-element-6d7079a elementor-widget elementor-widget-image\" data-id=\"6d7079a\" data-element_type=\"widget\" data-e-type=\"widget\" data-widget_type=\"image.default\">\n\t\t\t\t<div class=\"elementor-widget-container\">\n\t\t\t\t\t\t\t\t\t\t\t\t\t\t\t<img decoding=\"async\" width=\"683\" height=\"1024\" src=\"https:\/\/curo.pt\/wp-content\/uploads\/2024\/12\/editadas-121-683x1024.jpg\" class=\"attachment-large size-large wp-image-1252\" alt=\"A Ana que vive no CURO\" srcset=\"https:\/\/curo.pt\/wp-content\/uploads\/2024\/12\/editadas-121-683x1024.jpg 683w, https:\/\/curo.pt\/wp-content\/uploads\/2024\/12\/editadas-121-200x300.jpg 200w, https:\/\/curo.pt\/wp-content\/uploads\/2024\/12\/editadas-121-768x1152.jpg 768w, https:\/\/curo.pt\/wp-content\/uploads\/2024\/12\/editadas-121-8x12.jpg 8w, https:\/\/curo.pt\/wp-content\/uploads\/2024\/12\/editadas-121.jpg 1000w\" sizes=\"(max-width: 683px) 100vw, 683px\" \/>\t\t\t\t\t\t\t\t\t\t\t\t\t\t\t<\/div>\n\t\t\t\t<\/div>\n\t\t\t\t\t<\/div>\n\t\t\t\t<\/div>\n\t\t<div class=\"elementor-element elementor-element-3d5a3a5 e-flex e-con-boxed e-con e-child\" data-id=\"3d5a3a5\" data-element_type=\"container\" data-e-type=\"container\">\n\t\t\t\t\t<div class=\"e-con-inner\">\n\t\t\t\t<div class=\"elementor-element elementor-element-b91e9ff elementor-widget elementor-widget-heading\" data-id=\"b91e9ff\" data-element_type=\"widget\" data-e-type=\"widget\" data-widget_type=\"heading.default\">\n\t\t\t\t<div class=\"elementor-widget-container\">\n\t\t\t\t\t<span class=\"elementor-heading-title elementor-size-default\">Ana who lives in CURO<\/span>\t\t\t\t<\/div>\n\t\t\t\t<\/div>\n\t\t\t\t<div class=\"elementor-element elementor-element-187d933 elementor-widget elementor-widget-text-editor\" data-id=\"187d933\" data-element_type=\"widget\" data-e-type=\"widget\" data-widget_type=\"text-editor.default\">\n\t\t\t\t<div class=\"elementor-widget-container\">\n\t\t\t\t\t\t\t\t\t<p>Ana was born an architect. She earned her Master\u2019s degree from the University of Coimbra and the Universit\u00e0 degli Studi Roma Tre, and is currently a PhD candidate at the Faculty of Architecture of the University of Porto (FAUP).<\/p><p data-start=\"558\" data-end=\"775\">In 2025, she received a <strong data-start=\"578\" data-end=\"644\">a doctoral research grant from Casa da Arquitectura<\/strong>, further strengthening the connection between practice and research.<\/p><p data-start=\"777\" data-end=\"1009\">But the truth is, Ana had been an architect since she was little: in her childhood, she designed dreams and played with colours.<\/p><p class=\"translation-block\">As a young adult, she devised plans to get to where she is today and, now, she devises paths to go further. This because: <b>Being an architect is like being a poet: inherent to the human being.<\/b><\/p><p>A happily immutable role, a welcome sentence. Ana says: 'the architect is a creator and the work is born from his\/hers first thought'.<\/p><p><strong>That creation is life. It's like A(i)R-chitecture.<\/strong><\/p>\t\t\t\t\t\t\t\t<\/div>\n\t\t\t\t<\/div>\n\t\t\t\t\t<\/div>\n\t\t\t\t<\/div>\n\t\t<div class=\"elementor-element elementor-element-3efd359 e-con-full e-flex e-con e-child\" data-id=\"3efd359\" data-element_type=\"container\" data-e-type=\"container\">\n\t\t\t\t<div class=\"elementor-element elementor-element-ef8ba19 elementor-widget elementor-widget-heading\" data-id=\"ef8ba19\" data-element_type=\"widget\" data-e-type=\"widget\" data-widget_type=\"heading.default\">\n\t\t\t\t<div class=\"elementor-widget-container\">\n\t\t\t\t\t<span class=\"elementor-heading-title elementor-size-default\">Awards and Nominations<\/span>\t\t\t\t<\/div>\n\t\t\t\t<\/div>\n\t\t\t\t<div class=\"elementor-element elementor-element-dab9ba1 elementor-widget elementor-widget-text-editor\" data-id=\"dab9ba1\" data-element_type=\"widget\" data-e-type=\"widget\" data-widget_type=\"text-editor.default\">\n\t\t\t\t<div class=\"elementor-widget-container\">\n\t\t\t\t\t\t\t\t\t<p>(2011) <em><b>Light Challenge<\/b> &#8211; <u>Honorable Mention<\/u><\/em><\/p><blockquote><p><i>With: arch.\u00aa  Andreia Janela <\/i><\/p><\/blockquote><p>(2017) <i><b>Cyclops<\/b> &#8211; <u>Honorable Mention<\/u><\/i><br \/>(2018)<i> <b>Chashitsu<\/b> Finalist<\/i><br \/>(2018) <i><b>Ursula<\/b> &#8211; <u>Honorable Mention<\/u><\/i><br \/>(2019) <b><i>Selene<\/i><\/b> Finalist<br \/>(2020) <i><b>Think small, design even smaller<\/b> &#8211; <u>Honorable Mention<br \/><\/u><\/i>(2021) <b><i>Forest<\/i><\/b> Finalist<br \/>(2023) <b><i>Deference<\/i><\/b> Finalist<\/p><blockquote><p>With: arch. Nide Santos + arch. Samuel Leite<\/p><\/blockquote><p>(2023) <i><b>de profundis<\/b> &#8211; <span style=\"text-decoration: underline;\">3rd Place Public Competition<\/span><\/i><\/p><blockquote><p>With: arch. Nide Santos + arch. Samuel Leite<\/p><\/blockquote><p><i>(2024) <b>Ethereal<\/b>\u00a0&#8211; <u>2nd Place Private Competition<br \/><\/u>(2025) <b>CASA<\/b> Finalist<u><br \/><\/u>(2025) <b>LA CASA DI BAU<\/b>\u2013 Finalist +<u>3rd<\/u><span style=\"text-decoration: underline;\">place<\/span><u>Best Moodboard<\/u><\/i><\/p><p><i><u>\u00a0<\/u><\/i><\/p>\t\t\t\t\t\t\t\t<\/div>\n\t\t\t\t<\/div>\n\t\t\t\t<\/div>\n\t\t<div class=\"elementor-element elementor-element-e6a5a8b e-flex e-con-boxed e-con e-child\" data-id=\"e6a5a8b\" data-element_type=\"container\" data-e-type=\"container\">\n\t\t\t\t\t<div class=\"e-con-inner\">\n\t\t\t\t<div class=\"elementor-element elementor-element-853ed60 elementor-widget elementor-widget-image\" data-id=\"853ed60\" data-element_type=\"widget\" data-e-type=\"widget\" data-widget_type=\"image.default\">\n\t\t\t\t<div class=\"elementor-widget-container\">\n\t\t\t\t\t\t\t\t\t\t\t\t\t\t\t<img decoding=\"async\" width=\"1000\" height=\"1500\" src=\"https:\/\/curo.pt\/wp-content\/uploads\/2024\/12\/editadas-29.jpg\" class=\"attachment-full size-full wp-image-1251\" alt=\"CURO Atelier\" srcset=\"https:\/\/curo.pt\/wp-content\/uploads\/2024\/12\/editadas-29.jpg 1000w, https:\/\/curo.pt\/wp-content\/uploads\/2024\/12\/editadas-29-200x300.jpg 200w, https:\/\/curo.pt\/wp-content\/uploads\/2024\/12\/editadas-29-683x1024.jpg 683w, https:\/\/curo.pt\/wp-content\/uploads\/2024\/12\/editadas-29-768x1152.jpg 768w, https:\/\/curo.pt\/wp-content\/uploads\/2024\/12\/editadas-29-8x12.jpg 8w\" sizes=\"(max-width: 1000px) 100vw, 1000px\" \/>\t\t\t\t\t\t\t\t\t\t\t\t\t\t\t<\/div>\n\t\t\t\t<\/div>\n\t\t\t\t\t<\/div>\n\t\t\t\t<\/div>\n\t\t\t\t\t<\/div>\n\t\t\t\t<\/div>\n\t\t\t\t\t<\/div>\n\t\t\t\t<\/div>\n\t\t\t\t<\/div>","protected":false},"excerpt":{"rendered":"<p>Conhece o CURO,a nossa hist\u00f3ria e miss\u00e3o Num mundo de linhas, geometrias e formas, o CURO \u00e9 um ref\u00fagio criativo. Aqui mergulhamos nas hist\u00f3rias pessoais de quem sonha em ter o seu projecto, transformando espa\u00e7os, n\u00e3o apenas em volumes constru\u00eddos, mas em lugares que ecoam a tua individualidade. Por tr\u00e1s de cada tra\u00e7o, h\u00e1 sempre [&hellip;]<\/p>\n","protected":false},"author":1,"featured_media":0,"parent":0,"menu_order":0,"comment_status":"closed","ping_status":"closed","template":"","meta":{"_acf_changed":false,"_joinchat":[],"footnotes":""},"class_list":["post-86","page","type-page","status-publish","hentry"],"acf":[],"_links":{"self":[{"href":"https:\/\/curo.pt\/en\/wp-json\/wp\/v2\/pages\/86","targetHints":{"allow":["GET"]}}],"collection":[{"href":"https:\/\/curo.pt\/en\/wp-json\/wp\/v2\/pages"}],"about":[{"href":"https:\/\/curo.pt\/en\/wp-json\/wp\/v2\/types\/page"}],"author":[{"embeddable":true,"href":"https:\/\/curo.pt\/en\/wp-json\/wp\/v2\/users\/1"}],"replies":[{"embeddable":true,"href":"https:\/\/curo.pt\/en\/wp-json\/wp\/v2\/comments?post=86"}],"version-history":[{"count":94,"href":"https:\/\/curo.pt\/en\/wp-json\/wp\/v2\/pages\/86\/revisions"}],"predecessor-version":[{"id":2213,"href":"https:\/\/curo.pt\/en\/wp-json\/wp\/v2\/pages\/86\/revisions\/2213"}],"wp:attachment":[{"href":"https:\/\/curo.pt\/en\/wp-json\/wp\/v2\/media?parent=86"}],"curies":[{"name":"wp","href":"https:\/\/api.w.org\/{rel}","templated":true}]}}

<div data-elementor-type="wp-page" data-elementor-id="86" class="elementor elementor-86" data-elementor-post-type="page">
				<div class="elementor-element elementor-element-1d78384 e-flex e-con-boxed e-con e-parent" data-id="1d78384" data-element_type="container" data-e-type="container" data-settings="{&quot;background_background&quot;:&quot;classic&quot;}">
					<div class="e-con-inner">
		<div class="elementor-element elementor-element-6527e13 e-flex e-con-boxed e-con e-child" data-id="6527e13" data-element_type="container" data-e-type="container">
					<div class="e-con-inner">
				<div class="elementor-element elementor-element-aaa6367 elementor-widget elementor-widget-heading" data-id="aaa6367" data-element_type="widget" data-e-type="widget" data-widget_type="heading.default">
				<div class="elementor-widget-container">
					<h1 class="elementor-heading-title elementor-size-default">Get to know CURO,<br>our history and mission</h1>				</div>
				</div>
					</div>
				</div>
					</div>
				</div>
		<div class="elementor-element elementor-element-53da069 e-flex e-con-boxed e-con e-parent" data-id="53da069" data-element_type="container" data-e-type="container" data-settings="{&quot;background_background&quot;:&quot;classic&quot;}">
					<div class="e-con-inner">
				<div class="elementor-element elementor-element-c208792 elementor-widget elementor-widget-text-editor" data-id="c208792" data-element_type="widget" data-e-type="widget" data-widget_type="text-editor.default">
				<div class="elementor-widget-container">
									<p class="translation-block">In a world of lines, geometries and shapes, <b>CURO</b> it's a creative refuge. Here we delve into the personal stories of those who dream of having their project, transforming spaces, not just into built volumes, but into places that echo your individuality.</p><p>Behind each design stage, there is always someone to guide and help you throughout the process.<br />I invite you to get to know me and connect with my story.</p>								</div>
				</div>
		<div class="elementor-element elementor-element-3870c78 e-grid e-con-boxed e-con e-child" data-id="3870c78" data-element_type="container" data-e-type="container">
					<div class="e-con-inner">
		<div class="elementor-element elementor-element-7927e67 e-flex e-con-boxed e-con e-child" data-id="7927e67" data-element_type="container" data-e-type="container">
					<div class="e-con-inner">
				<div class="elementor-element elementor-element-99594f5 elementor-widget elementor-widget-heading" data-id="99594f5" data-element_type="widget" data-e-type="widget" data-widget_type="heading.default">
				<div class="elementor-widget-container">
					<span class="elementor-heading-title elementor-size-default">The CURO that lives in Ana</span>				</div>
				</div>
				<div class="elementor-element elementor-element-17b1f47 elementor-widget elementor-widget-text-editor" data-id="17b1f47" data-element_type="widget" data-e-type="widget" data-widget_type="text-editor.default">
				<div class="elementor-widget-container">
									<p class="translation-block">At <b>CURO</b>, it is assumed that <b>Architecture is not a luxury, it is a right. CURO</b> has its space, its way of being, social care and its impulse to <b>give something to the community.</b></p>
<p class="translation-block">At <b>CURO</b> there is sharing, expansion of your story and drawing new paths every morning.</p>
<p class="translation-block">Founded in 2021, the studio was the escape valve to materialize projects that were hidden in drawers. The core of <b>CURO</b> is to rethink the act of dwelling, <b>making houses, objects and projects a possible idea. </b></p>
<p class="translation-block">Serious, colourless and soulless architecture <b>finds a healing space here.</b></p>								</div>
				</div>
					</div>
				</div>
		<div class="elementor-element elementor-element-b6c8c67 e-flex e-con-boxed e-con e-child" data-id="b6c8c67" data-element_type="container" data-e-type="container">
					<div class="e-con-inner">
				<div class="elementor-element elementor-element-d6e1ca9 elementor-widget elementor-widget-image" data-id="d6e1ca9" data-element_type="widget" data-e-type="widget" data-widget_type="image.default">
				<div class="elementor-widget-container">
															<img fetchpriority="high" decoding="async" width="683" height="1024" src="https://curo.pt/wp-content/uploads/2024/12/editadas-32-683x1024.jpg" class="attachment-large size-large wp-image-1216" alt="CURO Atelier" srcset="https://curo.pt/wp-content/uploads/2024/12/editadas-32-683x1024.jpg 683w, https://curo.pt/wp-content/uploads/2024/12/editadas-32-200x300.jpg 200w, https://curo.pt/wp-content/uploads/2024/12/editadas-32-768x1152.jpg 768w, https://curo.pt/wp-content/uploads/2024/12/editadas-32-8x12.jpg 8w, https://curo.pt/wp-content/uploads/2024/12/editadas-32.jpg 1000w" sizes="(max-width: 683px) 100vw, 683px" />															</div>
				</div>
					</div>
				</div>
		<div class="elementor-element elementor-element-02ba6c4 e-flex e-con-boxed e-con e-child" data-id="02ba6c4" data-element_type="container" data-e-type="container">
					<div class="e-con-inner">
				<div class="elementor-element elementor-element-6d7079a elementor-widget elementor-widget-image" data-id="6d7079a" data-element_type="widget" data-e-type="widget" data-widget_type="image.default">
				<div class="elementor-widget-container">
															<img decoding="async" width="683" height="1024" src="https://curo.pt/wp-content/uploads/2024/12/editadas-121-683x1024.jpg" class="attachment-large size-large wp-image-1252" alt="A Ana que vive no CURO" srcset="https://curo.pt/wp-content/uploads/2024/12/editadas-121-683x1024.jpg 683w, https://curo.pt/wp-content/uploads/2024/12/editadas-121-200x300.jpg 200w, https://curo.pt/wp-content/uploads/2024/12/editadas-121-768x1152.jpg 768w, https://curo.pt/wp-content/uploads/2024/12/editadas-121-8x12.jpg 8w, https://curo.pt/wp-content/uploads/2024/12/editadas-121.jpg 1000w" sizes="(max-width: 683px) 100vw, 683px" />															</div>
				</div>
					</div>
				</div>
		<div class="elementor-element elementor-element-3d5a3a5 e-flex e-con-boxed e-con e-child" data-id="3d5a3a5" data-element_type="container" data-e-type="container">
					<div class="e-con-inner">
				<div class="elementor-element elementor-element-b91e9ff elementor-widget elementor-widget-heading" data-id="b91e9ff" data-element_type="widget" data-e-type="widget" data-widget_type="heading.default">
				<div class="elementor-widget-container">
					<span class="elementor-heading-title elementor-size-default">Ana who lives in CURO</span>				</div>
				</div>
				<div class="elementor-element elementor-element-187d933 elementor-widget elementor-widget-text-editor" data-id="187d933" data-element_type="widget" data-e-type="widget" data-widget_type="text-editor.default">
				<div class="elementor-widget-container">
									<p>Ana was born an architect. She earned her Master’s degree from the University of Coimbra and the Università degli Studi Roma Tre, and is currently a PhD candidate at the Faculty of Architecture of the University of Porto (FAUP).</p><p data-start="558" data-end="775">In 2025, she received a <strong data-start="578" data-end="644">a doctoral research grant from Casa da Arquitectura</strong>, further strengthening the connection between practice and research.</p><p data-start="777" data-end="1009">But the truth is, Ana had been an architect since she was little: in her childhood, she designed dreams and played with colours.</p><p class="translation-block">As a young adult, she devised plans to get to where she is today and, now, she devises paths to go further. This because: <b>Being an architect is like being a poet: inherent to the human being.</b></p><p>A happily immutable role, a welcome sentence. Ana says: 'the architect is a creator and the work is born from his/hers first thought'.</p><p><strong>That creation is life. It's like A(i)R-chitecture.</strong></p>								</div>
				</div>
					</div>
				</div>
		<div class="elementor-element elementor-element-3efd359 e-con-full e-flex e-con e-child" data-id="3efd359" data-element_type="container" data-e-type="container">
				<div class="elementor-element elementor-element-ef8ba19 elementor-widget elementor-widget-heading" data-id="ef8ba19" data-element_type="widget" data-e-type="widget" data-widget_type="heading.default">
				<div class="elementor-widget-container">
					<span class="elementor-heading-title elementor-size-default">Awards and Nominations</span>				</div>
				</div>
				<div class="elementor-element elementor-element-dab9ba1 elementor-widget elementor-widget-text-editor" data-id="dab9ba1" data-element_type="widget" data-e-type="widget" data-widget_type="text-editor.default">
				<div class="elementor-widget-container">
									<p>(2011) <em><b>Light Challenge</b> &#8211; <u>Honorable Mention</u></em></p><blockquote><p><i>With: arch.ª  Andreia Janela </i></p></blockquote><p>(2017) <i><b>Cyclops</b> &#8211; <u>Honorable Mention</u></i><br />(2018)<i> <b>Chashitsu</b> Finalist</i><br />(2018) <i><b>Ursula</b> &#8211; <u>Honorable Mention</u></i><br />(2019) <b><i>Selene</i></b> Finalist<br />(2020) <i><b>Think small, design even smaller</b> &#8211; <u>Honorable Mention<br /></u></i>(2021) <b><i>Forest</i></b> Finalist<br />(2023) <b><i>Deference</i></b> Finalist</p><blockquote><p>With: arch. Nide Santos + arch. Samuel Leite</p></blockquote><p>(2023) <i><b>de profundis</b> &#8211; <span style="text-decoration: underline;">3rd Place Public Competition</span></i></p><blockquote><p>With: arch. Nide Santos + arch. Samuel Leite</p></blockquote><p><i>(2024) <b>Ethereal</b> &#8211; <u>2nd Place Private Competition<br /></u>(2025) <b>CASA</b> Finalist<u><br /></u>(2025) <b>LA CASA DI BAU</b>– Finalist +<u>3rd</u><span style="text-decoration: underline;">place</span><u>Best Moodboard</u></i></p><p><i><u> </u></i></p>								</div>
				</div>
				</div>
		<div class="elementor-element elementor-element-e6a5a8b e-flex e-con-boxed e-con e-child" data-id="e6a5a8b" data-element_type="container" data-e-type="container">
					<div class="e-con-inner">
				<div class="elementor-element elementor-element-853ed60 elementor-widget elementor-widget-image" data-id="853ed60" data-element_type="widget" data-e-type="widget" data-widget_type="image.default">
				<div class="elementor-widget-container">
															<img decoding="async" width="1000" height="1500" src="https://curo.pt/wp-content/uploads/2024/12/editadas-29.jpg" class="attachment-full size-full wp-image-1251" alt="CURO Atelier" srcset="https://curo.pt/wp-content/uploads/2024/12/editadas-29.jpg 1000w, https://curo.pt/wp-content/uploads/2024/12/editadas-29-200x300.jpg 200w, https://curo.pt/wp-content/uploads/2024/12/editadas-29-683x1024.jpg 683w, https://curo.pt/wp-content/uploads/2024/12/editadas-29-768x1152.jpg 768w, https://curo.pt/wp-content/uploads/2024/12/editadas-29-8x12.jpg 8w" sizes="(max-width: 1000px) 100vw, 1000px" />															</div>
				</div>
					</div>
				</div>
					</div>
				</div>
					</div>
				</div>
				</div>

<p>Conhece o CURO,a nossa história e missão Num mundo de linhas, geometrias e formas, o CURO é um refúgio criativo. Aqui mergulhamos nas histórias pessoais de quem sonha em ter o seu projecto, transformando espaços, não apenas em volumes construídos, mas em lugares que ecoam a tua individualidade. Por trás de cada traço, há sempre [&hellip;]</p>
